{"id":4542,"date":"2020-05-17T15:45:14","date_gmt":"2020-05-17T13:45:14","guid":{"rendered":"https:\/\/kudem.apps-1and1.net\/?page_id=4542"},"modified":"2020-05-21T17:51:29","modified_gmt":"2020-05-21T15:51:29","slug":"kudem-chor","status":"publish","type":"page","link":"https:\/\/www.kudem.com\/de\/kudem-chor","title":{"rendered":"KUDEM-Chor"},"content":{"rendered":"\t\t<div data-elementor-type=\"wp-page\" data-elementor-id=\"4542\" class=\"elementor elementor-4542\" data-elementor-post-type=\"page\">\n\t\t\t\t\t\t<section class=\"elementor-section elementor-top-section elementor-element elementor-element-25b824f6 elementor-section-height-min-height elementor-section-boxed elementor-section-height-default elementor-section-items-middle\" data-id=\"25b824f6\" data-element_type=\"section\" data-e-type=\"section\" data-settings=\"{&quot;background_background&quot;:&quot;classic&quot;}\">\n\t\t\t\t\t\t\t<div class=\"elementor-background-overlay\"><\/div>\n\t\t\t\t\t\t\t<div class=\"elementor-container elementor-column-gap-default\">\n\t\t\t\t\t<div class=\"elementor-column elementor-col-100 elementor-top-column elementor-element elementor-element-3271a958\" data-id=\"3271a958\" data-element_type=\"column\" data-e-type=\"column\">\n\t\t\t<div class=\"elementor-widget-wrap elementor-element-populated\">\n\t\t\t\t\t\t<div class=\"elementor-element elementor-element-122df830 elementor-widget elementor-widget-heading\" data-id=\"122df830\" data-element_type=\"widget\" data-e-type=\"widget\" data-widget_type=\"heading.default\">\n\t\t\t\t<div class=\"elementor-widget-container\">\n\t\t\t\t\t<h1 class=\"elementor-heading-title elementor-size-default\">KUDEM Chor<\/h1>\t\t\t\t<\/div>\n\t\t\t\t<\/div>\n\t\t\t\t\t<\/div>\n\t\t<\/div>\n\t\t\t\t\t<\/div>\n\t\t<\/section>\n\t\t\t\t<section class=\"elementor-section elementor-top-section elementor-element elementor-element-83198c1 elementor-section-boxed elementor-section-height-default elementor-section-height-default\" data-id=\"83198c1\" data-element_type=\"section\" data-e-type=\"section\">\n\t\t\t\t\t\t<div class=\"elementor-container elementor-column-gap-default\">\n\t\t\t\t\t<div class=\"elementor-column elementor-col-100 elementor-top-column elementor-element elementor-element-8556e8d\" data-id=\"8556e8d\" data-element_type=\"column\" data-e-type=\"column\">\n\t\t\t<div class=\"elementor-widget-wrap elementor-element-populated\">\n\t\t\t\t\t\t<div class=\"elementor-element elementor-element-29547333 elementor-widget elementor-widget-text-editor\" data-id=\"29547333\" data-element_type=\"widget\" data-e-type=\"widget\" data-widget_type=\"text-editor.default\">\n\t\t\t\t<div class=\"elementor-widget-container\">\n\t\t\t\t\t\t\t\t\tDer KUDEM Chor ist Teil des musikalischen Angebots des KUDEM. Gegr\u00fcndet wurde der Chor mit \u00fcber 20 jungen Mitgliedern in 2011. Der Schwerpunkt der Chorarbeit liegt auf der klassisch &#8211; t\u00fcrkischen Sufi Musik, den Lobges\u00e4ngen (Kassiden) und der geistlichen Musik. Ziel ist neben dem Gesang, die Vermittlung der Kultur, der Traditionen und der Feinheiten der Sufi Musik. Geleitet wird der Chor durch den Gesangssolisten Mustafa Do\u011fan Dikmen, der in seiner Zunft weltweit f\u00fchrend ist. Herr Dikmen ist Dozent am staatlichen Konservatorium f\u00fcr klassisch &#8211; t\u00fcrkische Musik an der Technischen Universit\u00e4t Istanbul (ITU) sowie Gesangssolist und Programmgestalter beim staatlichen Rundfunksender TRT Istanbul.\n<img fetchpriority=\"high\" decoding=\"async\" class=\"alignnone size-full wp-image-4546\" src=\"https:\/\/kudem.com\/wp-content\/uploads\/2020\/05\/KUDEM-Sufi-Chor-.jpg\" alt=\"\" width=\"960\" height=\"540\" srcset=\"https:\/\/www.kudem.com\/wp-content\/uploads\/2020\/05\/KUDEM-Sufi-Chor-.jpg 960w, https:\/\/www.kudem.com\/wp-content\/uploads\/2020\/05\/KUDEM-Sufi-Chor--300x169.jpg 300w, https:\/\/www.kudem.com\/wp-content\/uploads\/2020\/05\/KUDEM-Sufi-Chor--150x84.jpg 150w, https:\/\/www.kudem.com\/wp-content\/uploads\/2020\/05\/KUDEM-Sufi-Chor--768x432.jpg 768w\" sizes=\"(max-width: 960px) 100vw, 960px\" \/>\n\nDie Chor\u00fcbungen finden an jedem zweiten Samstag im KUDEM statt. In der Vorbereitungsphase zu den traditionellen Sufi Musik Konzerten des KUDEM Chors werden die Chor\u00fcbungen im zweiw\u00f6chigen Rhythmus von Herrn Dikmen geleitet.\t\t\t\t\t\t\t\t<\/div>\n\t\t\t\t<\/div>\n\t\t\t\t\t<\/div>\n\t\t<\/div>\n\t\t\t\t\t<\/div>\n\t\t<\/section>\n\t\t\t\t<section class=\"elementor-section elementor-top-section elementor-element elementor-element-ebcdad8 elementor-section-height-min-height elementor-section-content-middle elementor-section-boxed elementor-section-height-default elementor-section-items-middle\" data-id=\"ebcdad8\" data-element_type=\"section\" data-e-type=\"section\" data-settings=\"{&quot;background_background&quot;:&quot;classic&quot;}\">\n\t\t\t\t\t\t\t<div class=\"elementor-background-overlay\"><\/div>\n\t\t\t\t\t\t\t<div class=\"elementor-container elementor-column-gap-default\">\n\t\t\t\t\t<div class=\"elementor-column elementor-col-100 elementor-top-column elementor-element elementor-element-4808a993\" data-id=\"4808a993\" data-element_type=\"column\" data-e-type=\"column\">\n\t\t\t<div class=\"elementor-widget-wrap elementor-element-populated\">\n\t\t\t\t\t\t<div class=\"elementor-element elementor-element-4b8b77a0 elementor-widget elementor-widget-heading\" data-id=\"4b8b77a0\" data-element_type=\"widget\" data-e-type=\"widget\" data-widget_type=\"heading.default\">\n\t\t\t\t<div class=\"elementor-widget-container\">\n\t\t\t\t\t<h2 class=\"elementor-heading-title elementor-size-default\">Sufi - Musik Konzerte<\/h2>\t\t\t\t<\/div>\n\t\t\t\t<\/div>\n\t\t\t\t\t<\/div>\n\t\t<\/div>\n\t\t\t\t\t<\/div>\n\t\t<\/section>\n\t\t\t\t<section class=\"elementor-section elementor-top-section elementor-element elementor-element-1072fc53 elementor-section-boxed elementor-section-height-default elementor-section-height-default\" data-id=\"1072fc53\" data-element_type=\"section\" data-e-type=\"section\">\n\t\t\t\t\t\t<div class=\"elementor-container elementor-column-gap-default\">\n\t\t\t\t\t<div class=\"elementor-column elementor-col-100 elementor-top-column elementor-element elementor-element-6f857a94\" data-id=\"6f857a94\" data-element_type=\"column\" data-e-type=\"column\">\n\t\t\t<div class=\"elementor-widget-wrap elementor-element-populated\">\n\t\t\t\t\t\t<div class=\"elementor-element elementor-element-142498d9 elementor-widget elementor-widget-text-editor\" data-id=\"142498d9\" data-element_type=\"widget\" data-e-type=\"widget\" data-widget_type=\"text-editor.default\">\n\t\t\t\t<div class=\"elementor-widget-container\">\n\t\t\t\t\t\t\t\t\t<p>Die Konzerte des KUDEM Chors haben sich zu einer Mannheimer Tradition entwickelt. In Begleitung von Instrumenten wird jedes Jahr ein neu einstudiertes Repertoire der klassisch &#8211; t\u00fcrkischen Sufi Musik vorgetragen. Die Konzerte sprechen ein breites Publikum von Musikliebhabern an und verbinden Menschen von unterschiedlichen kulturellen und religi\u00f6sen Hintergr\u00fcnden.<\/p>\t\t\t\t\t\t\t\t<\/div>\n\t\t\t\t<\/div>\n\t\t\t\t\t<\/div>\n\t\t<\/div>\n\t\t\t\t\t<\/div>\n\t\t<\/section>\n\t\t\t\t<section class=\"elementor-section elementor-top-section elementor-element elementor-element-5343222 elementor-section-boxed elementor-section-height-default elementor-section-height-default\" data-id=\"5343222\" data-element_type=\"section\" data-e-type=\"section\">\n\t\t\t\t\t\t<div class=\"elementor-container elementor-column-gap-default\">\n\t\t\t\t\t<div class=\"elementor-column elementor-col-100 elementor-top-column elementor-element elementor-element-1052d48\" data-id=\"1052d48\" data-element_type=\"column\" data-e-type=\"column\">\n\t\t\t<div class=\"elementor-widget-wrap elementor-element-populated\">\n\t\t\t\t\t\t<div class=\"elementor-element elementor-element-c3dd530 elementor-widget elementor-widget-video\" data-id=\"c3dd530\" data-element_type=\"widget\" data-e-type=\"widget\" data-settings=\"{&quot;youtube_url&quot;:&quot;https:\\\/\\\/www.youtube.com\\\/watch?v=2KHCyl5x4Ls&quot;,&quot;show_image_overlay&quot;:&quot;yes&quot;,&quot;image_overlay&quot;:{&quot;url&quot;:&quot;https:\\\/\\\/kudem.com\\\/wp-content\\\/uploads\\\/2018\\\/08\\\/KUDEM_sufi_konzert_tasavvuf_mustafa_dogan_dikmen.jpg&quot;,&quot;id&quot;:826,&quot;size&quot;:&quot;&quot;},&quot;video_type&quot;:&quot;youtube&quot;,&quot;controls&quot;:&quot;yes&quot;}\" data-widget_type=\"video.default\">\n\t\t\t\t<div class=\"elementor-widget-container\">\n\t\t\t\t\t\t\t<div class=\"elementor-wrapper elementor-open-inline\">\n\t\t\t<div class=\"elementor-video\"><\/div>\t\t\t\t<div class=\"elementor-custom-embed-image-overlay\" style=\"background-image: url(https:\/\/www.kudem.com\/wp-content\/uploads\/2018\/08\/KUDEM_sufi_konzert_tasavvuf_mustafa_dogan_dikmen.jpg);\">\n\t\t\t\t\t\t\t\t\t\t\t\t\t\t\t\t<div class=\"elementor-custom-embed-play\" role=\"button\" aria-label=\"Video abspielen\" tabindex=\"0\">\n\t\t\t\t\t\t\t<svg aria-hidden=\"true\" class=\"e-font-icon-svg e-eicon-play\" viewBox=\"0 0 1000 1000\" xmlns=\"http:\/\/www.w3.org\/2000\/svg\"><path d=\"M838 162C746 71 633 25 500 25 371 25 258 71 163 162 71 254 25 367 25 500 25 633 71 746 163 837 254 929 367 979 500 979 633 979 746 933 838 837 929 746 975 633 975 500 975 367 929 254 838 162M808 192C892 279 933 379 933 500 933 621 892 725 808 808 725 892 621 938 500 938 379 938 279 896 196 808 113 725 67 621 67 500 67 379 108 279 196 192 279 108 383 62 500 62 621 62 721 108 808 192M438 392V642L642 517 438 392Z\"><\/path><\/svg>\t\t\t\t\t\t<\/div>\n\t\t\t\t\t\t\t\t\t<\/div>\n\t\t\t\t\t<\/div>\n\t\t\t\t\t\t<\/div>\n\t\t\t\t<\/div>\n\t\t\t\t\t<\/div>\n\t\t<\/div>\n\t\t\t\t\t<\/div>\n\t\t<\/section>\n\t\t\t\t<\/div>\n\t\t","protected":false},"excerpt":{"rendered":"<p>KUDEM Chor Der KUDEM Chor ist Teil des musikalischen Angebots des KUDEM. Gegr\u00fcndet wurde der Chor mit \u00fcber 20 jungen Mitgliedern in 2011. Der Schwerpunkt der Chorarbeit liegt auf der klassisch &#8211; t\u00fcrkischen Sufi Musik, den Lobges\u00e4ngen (Kassiden) und der geistlichen Musik. Ziel ist neben dem Gesang, die Vermittlung der Kultur, der Traditionen und der [&hellip;]<\/p>\n","protected":false},"author":2,"featured_media":4546,"parent":0,"menu_order":0,"comment_status":"closed","ping_status":"closed","template":"elementor_header_footer","meta":{"footnotes":""},"class_list":["post-4542","page","type-page","status-publish","has-post-thumbnail","hentry"],"_links":{"self":[{"href":"https:\/\/www.kudem.com\/de\/wp-json\/wp\/v2\/pages\/4542","targetHints":{"allow":["GET"]}}],"collection":[{"href":"https:\/\/www.kudem.com\/de\/wp-json\/wp\/v2\/pages"}],"about":[{"href":"https:\/\/www.kudem.com\/de\/wp-json\/wp\/v2\/types\/page"}],"author":[{"embeddable":true,"href":"https:\/\/www.kudem.com\/de\/wp-json\/wp\/v2\/users\/2"}],"replies":[{"embeddable":true,"href":"https:\/\/www.kudem.com\/de\/wp-json\/wp\/v2\/comments?post=4542"}],"version-history":[{"count":0,"href":"https:\/\/www.kudem.com\/de\/wp-json\/wp\/v2\/pages\/4542\/revisions"}],"wp:featuredmedia":[{"embeddable":true,"href":"https:\/\/www.kudem.com\/de\/wp-json\/wp\/v2\/media\/4546"}],"wp:attachment":[{"href":"https:\/\/www.kudem.com\/de\/wp-json\/wp\/v2\/media?parent=4542"}],"curies":[{"name":"wp","href":"https:\/\/api.w.org\/{rel}","templated":true}]}}

<div data-elementor-type="wp-page" data-elementor-id="4542" class="elementor elementor-4542" data-elementor-post-type="page">
						<section class="elementor-section elementor-top-section elementor-element elementor-element-25b824f6 elementor-section-height-min-height elementor-section-boxed elementor-section-height-default elementor-section-items-middle" data-id="25b824f6" data-element_type="section" data-e-type="section" data-settings="{&quot;background_background&quot;:&quot;classic&quot;}">
							<div class="elementor-background-overlay"></div>
							<div class="elementor-container elementor-column-gap-default">
					<div class="elementor-column elementor-col-100 elementor-top-column elementor-element elementor-element-3271a958" data-id="3271a958" data-element_type="column" data-e-type="column">
			<div class="elementor-widget-wrap elementor-element-populated">
						<div class="elementor-element elementor-element-122df830 elementor-widget elementor-widget-heading" data-id="122df830" data-element_type="widget" data-e-type="widget" data-widget_type="heading.default">
				<div class="elementor-widget-container">
					<h1 class="elementor-heading-title elementor-size-default">KUDEM Chor</h1>				</div>
				</div>
					</div>
		</div>
					</div>
		</section>
				<section class="elementor-section elementor-top-section elementor-element elementor-element-83198c1 elementor-section-boxed elementor-section-height-default elementor-section-height-default" data-id="83198c1" data-element_type="section" data-e-type="section">
						<div class="elementor-container elementor-column-gap-default">
					<div class="elementor-column elementor-col-100 elementor-top-column elementor-element elementor-element-8556e8d" data-id="8556e8d" data-element_type="column" data-e-type="column">
			<div class="elementor-widget-wrap elementor-element-populated">
						<div class="elementor-element elementor-element-29547333 elementor-widget elementor-widget-text-editor" data-id="29547333" data-element_type="widget" data-e-type="widget" data-widget_type="text-editor.default">
				<div class="elementor-widget-container">
									Der KUDEM Chor ist Teil des musikalischen Angebots des KUDEM. Gegründet wurde der Chor mit über 20 jungen Mitgliedern in 2011. Der Schwerpunkt der Chorarbeit liegt auf der klassisch &#8211; türkischen Sufi Musik, den Lobgesängen (Kassiden) und der geistlichen Musik. Ziel ist neben dem Gesang, die Vermittlung der Kultur, der Traditionen und der Feinheiten der Sufi Musik. Geleitet wird der Chor durch den Gesangssolisten Mustafa Doğan Dikmen, der in seiner Zunft weltweit führend ist. Herr Dikmen ist Dozent am staatlichen Konservatorium für klassisch &#8211; türkische Musik an der Technischen Universität Istanbul (ITU) sowie Gesangssolist und Programmgestalter beim staatlichen Rundfunksender TRT Istanbul.
<img fetchpriority="high" decoding="async" class="alignnone size-full wp-image-4546" src="https://kudem.com/wp-content/uploads/2020/05/KUDEM-Sufi-Chor-.jpg" alt="" width="960" height="540" srcset="https://www.kudem.com/wp-content/uploads/2020/05/KUDEM-Sufi-Chor-.jpg 960w, https://www.kudem.com/wp-content/uploads/2020/05/KUDEM-Sufi-Chor--300x169.jpg 300w, https://www.kudem.com/wp-content/uploads/2020/05/KUDEM-Sufi-Chor--150x84.jpg 150w, https://www.kudem.com/wp-content/uploads/2020/05/KUDEM-Sufi-Chor--768x432.jpg 768w" sizes="(max-width: 960px) 100vw, 960px" />

Die Chorübungen finden an jedem zweiten Samstag im KUDEM statt. In der Vorbereitungsphase zu den traditionellen Sufi Musik Konzerten des KUDEM Chors werden die Chorübungen im zweiwöchigen Rhythmus von Herrn Dikmen geleitet.								</div>
				</div>
					</div>
		</div>
					</div>
		</section>
				<section class="elementor-section elementor-top-section elementor-element elementor-element-ebcdad8 elementor-section-height-min-height elementor-section-content-middle elementor-section-boxed elementor-section-height-default elementor-section-items-middle" data-id="ebcdad8" data-element_type="section" data-e-type="section" data-settings="{&quot;background_background&quot;:&quot;classic&quot;}">
							<div class="elementor-background-overlay"></div>
							<div class="elementor-container elementor-column-gap-default">
					<div class="elementor-column elementor-col-100 elementor-top-column elementor-element elementor-element-4808a993" data-id="4808a993" data-element_type="column" data-e-type="column">
			<div class="elementor-widget-wrap elementor-element-populated">
						<div class="elementor-element elementor-element-4b8b77a0 elementor-widget elementor-widget-heading" data-id="4b8b77a0" data-element_type="widget" data-e-type="widget" data-widget_type="heading.default">
				<div class="elementor-widget-container">
					<h2 class="elementor-heading-title elementor-size-default">Sufi - Musik Konzerte</h2>				</div>
				</div>
					</div>
		</div>
					</div>
		</section>
				<section class="elementor-section elementor-top-section elementor-element elementor-element-1072fc53 elementor-section-boxed elementor-section-height-default elementor-section-height-default" data-id="1072fc53" data-element_type="section" data-e-type="section">
						<div class="elementor-container elementor-column-gap-default">
					<div class="elementor-column elementor-col-100 elementor-top-column elementor-element elementor-element-6f857a94" data-id="6f857a94" data-element_type="column" data-e-type="column">
			<div class="elementor-widget-wrap elementor-element-populated">
						<div class="elementor-element elementor-element-142498d9 elementor-widget elementor-widget-text-editor" data-id="142498d9" data-element_type="widget" data-e-type="widget" data-widget_type="text-editor.default">
				<div class="elementor-widget-container">
									<p>Die Konzerte des KUDEM Chors haben sich zu einer Mannheimer Tradition entwickelt. In Begleitung von Instrumenten wird jedes Jahr ein neu einstudiertes Repertoire der klassisch &#8211; türkischen Sufi Musik vorgetragen. Die Konzerte sprechen ein breites Publikum von Musikliebhabern an und verbinden Menschen von unterschiedlichen kulturellen und religiösen Hintergründen.</p>								</div>
				</div>
					</div>
		</div>
					</div>
		</section>
				<section class="elementor-section elementor-top-section elementor-element elementor-element-5343222 elementor-section-boxed elementor-section-height-default elementor-section-height-default" data-id="5343222" data-element_type="section" data-e-type="section">
						<div class="elementor-container elementor-column-gap-default">
					<div class="elementor-column elementor-col-100 elementor-top-column elementor-element elementor-element-1052d48" data-id="1052d48" data-element_type="column" data-e-type="column">
			<div class="elementor-widget-wrap elementor-element-populated">
						<div class="elementor-element elementor-element-c3dd530 elementor-widget elementor-widget-video" data-id="c3dd530" data-element_type="widget" data-e-type="widget" data-settings="{&quot;youtube_url&quot;:&quot;https:\/\/www.youtube.com\/watch?v=2KHCyl5x4Ls&quot;,&quot;show_image_overlay&quot;:&quot;yes&quot;,&quot;image_overlay&quot;:{&quot;url&quot;:&quot;https:\/\/kudem.com\/wp-content\/uploads\/2018\/08\/KUDEM_sufi_konzert_tasavvuf_mustafa_dogan_dikmen.jpg&quot;,&quot;id&quot;:826,&quot;size&quot;:&quot;&quot;},&quot;video_type&quot;:&quot;youtube&quot;,&quot;controls&quot;:&quot;yes&quot;}" data-widget_type="video.default">
				<div class="elementor-widget-container">
							<div class="elementor-wrapper elementor-open-inline">
			<div class="elementor-video"></div>				<div class="elementor-custom-embed-image-overlay" style="background-image: url(https://www.kudem.com/wp-content/uploads/2018/08/KUDEM_sufi_konzert_tasavvuf_mustafa_dogan_dikmen.jpg);">
																<div class="elementor-custom-embed-play" role="button" aria-label="Video abspielen" tabindex="0">
							<svg aria-hidden="true" class="e-font-icon-svg e-eicon-play" viewBox="0 0 1000 1000" xmlns="http://www.w3.org/2000/svg"><path d="M838 162C746 71 633 25 500 25 371 25 258 71 163 162 71 254 25 367 25 500 25 633 71 746 163 837 254 929 367 979 500 979 633 979 746 933 838 837 929 746 975 633 975 500 975 367 929 254 838 162M808 192C892 279 933 379 933 500 933 621 892 725 808 808 725 892 621 938 500 938 379 938 279 896 196 808 113 725 67 621 67 500 67 379 108 279 196 192 279 108 383 62 500 62 621 62 721 108 808 192M438 392V642L642 517 438 392Z"></path></svg>						</div>
									</div>
					</div>
						</div>
				</div>
					</div>
		</div>
					</div>
		</section>
				</div>

<p>KUDEM Chor Der KUDEM Chor ist Teil des musikalischen Angebots des KUDEM. Gegründet wurde der Chor mit über 20 jungen Mitgliedern in 2011. Der Schwerpunkt der Chorarbeit liegt auf der klassisch &#8211; türkischen Sufi Musik, den Lobgesängen (Kassiden) und der geistlichen Musik. Ziel ist neben dem Gesang, die Vermittlung der Kultur, der Traditionen und der [&hellip;]</p>
