{"id":900,"date":"2018-08-26T20:16:12","date_gmt":"2018-08-26T18:16:12","guid":{"rendered":"https:\/\/kudem.apps-1and1.net\/?page_id=900"},"modified":"2020-05-21T14:41:13","modified_gmt":"2020-05-21T12:41:13","slug":"kudem-kunst","status":"publish","type":"page","link":"https:\/\/www.kudem.com\/de\/kudem-kunst","title":{"rendered":"KUDEM Kunst"},"content":{"rendered":"\t\t<div data-elementor-type=\"wp-page\" data-elementor-id=\"900\" class=\"elementor elementor-900\" data-elementor-post-type=\"page\">\n\t\t\t\t\t\t<section class=\"elementor-section elementor-top-section elementor-element elementor-element-4adda742 elementor-section-height-min-height elementor-section-boxed elementor-section-height-default elementor-section-items-middle\" data-id=\"4adda742\" data-element_type=\"section\" data-e-type=\"section\" data-settings=\"{&quot;background_background&quot;:&quot;classic&quot;}\">\n\t\t\t\t\t\t\t<div class=\"elementor-background-overlay\"><\/div>\n\t\t\t\t\t\t\t<div class=\"elementor-container elementor-column-gap-narrow\">\n\t\t\t\t\t<div class=\"elementor-column elementor-col-100 elementor-top-column elementor-element elementor-element-7448a9f9\" data-id=\"7448a9f9\" data-element_type=\"column\" data-e-type=\"column\">\n\t\t\t<div class=\"elementor-widget-wrap elementor-element-populated\">\n\t\t\t\t\t\t<div class=\"elementor-element elementor-element-7d93fdc5 elementor-widget elementor-widget-heading\" data-id=\"7d93fdc5\" data-element_type=\"widget\" data-e-type=\"widget\" data-widget_type=\"heading.default\">\n\t\t\t\t<div class=\"elementor-widget-container\">\n\t\t\t\t\t<h1 class=\"elementor-heading-title elementor-size-default\">Die Klassische Islamische Kunst<\/h1>\t\t\t\t<\/div>\n\t\t\t\t<\/div>\n\t\t\t\t\t<\/div>\n\t\t<\/div>\n\t\t\t\t\t<\/div>\n\t\t<\/section>\n\t\t\t\t<section class=\"elementor-section elementor-top-section elementor-element elementor-element-64bc12a3 elementor-section-boxed elementor-section-height-default elementor-section-height-default\" data-id=\"64bc12a3\" data-element_type=\"section\" data-e-type=\"section\">\n\t\t\t\t\t\t<div class=\"elementor-container elementor-column-gap-default\">\n\t\t\t\t\t<div class=\"elementor-column elementor-col-100 elementor-top-column elementor-element elementor-element-5f6b8807\" data-id=\"5f6b8807\" data-element_type=\"column\" data-e-type=\"column\">\n\t\t\t<div class=\"elementor-widget-wrap elementor-element-populated\">\n\t\t\t\t\t\t<div class=\"elementor-element elementor-element-21f10318 elementor-widget elementor-widget-text-editor\" data-id=\"21f10318\" data-element_type=\"widget\" data-e-type=\"widget\" data-widget_type=\"text-editor.default\">\n\t\t\t\t<div class=\"elementor-widget-container\">\n\t\t\t\t\t\t\t\t\t<p><b>Unsere Aktivit\u00e4ten<br \/><\/b>Der Mensch steht im Zentrum unserer Arbeit. Das Stillen der Bed\u00fcrfnisse des Menschen nach geistiger, intellektueller und spiritueller Verwirklichung sind f\u00fcr uns grundlegende Prinzipien, nach denen wir unsere Arbeit ausrichten. \u00dcber die Kunst und Kultur soll die gesellschaftliche Teilhabe gef\u00f6rdert werden.<\/p>\t\t\t\t\t\t\t\t<\/div>\n\t\t\t\t<\/div>\n\t\t\t\t<div class=\"elementor-element elementor-element-da05318 elementor-widget elementor-widget-text-editor\" data-id=\"da05318\" data-element_type=\"widget\" data-e-type=\"widget\" data-widget_type=\"text-editor.default\">\n\t\t\t\t<div class=\"elementor-widget-container\">\n\t\t\t\t\t\t\t\t\t<p><strong>Kunst und Kultur<br \/><\/strong>Unsere Inspiration ziehen wir aus dem traditionsreichen und beispiellosen Erbe des Islams und des Ostens, welche als Wiege der Zivilisation wertvolle Sch\u00e4tze hinterlassen hat. F\u00fcr uns ist daher die Weitergabe dieser Tradition und Praxis an die nachfolgenden Generationen von gro\u00dfer Bedeutung.<\/p><p>Bei der Konzeption und Durchf\u00fchrung unserer Angebote setzen wir die h\u00f6chsten Ma\u00dfst\u00e4be an. Unsere Kunstlehrer sind erfahrene Vertreter einer traditionellen Schule, die \u00fcber Jahrhunderte hinweg die Techniken und Gestaltungen verfeinert haben. Der Besucher kann diese Feinheiten beim Durchgehen der R\u00e4umlichkeiten des KUDEM und des IFIS&amp;IZ erleben, in denen feinste Kunstwerke aus der hauseigenen Kollektion der islamisch \u2013 klassischen Kalligraphie, Ornamentik und Marmorier Kunst ausgestellt sind.<\/p><p><strong>Momentan werden die folgenden Kurse fortgef\u00fchrt:<\/strong><\/p><ul><li>Arabische Kalligraphie und Kunst des Marmorierens (t\u00fcrk. Ebru)<\/li><li>Ausbildung in einem Instrument der klassisch-t\u00fcrkischen Sufi-Musik<br \/>(momentan nur Ney)<\/li><li>KUDEM Chor \u2013 Gesangsausbildung in der klassischen t\u00fcrkischen Sufi &#8211; Musik<\/li><\/ul><p>Unsere Gemeinschaft, die seit 2011 im Rahmen des KUDEM Chors verschiedene Gesangstechniken und die Feinheiten der Sufi-Musik ein\u00fcbt, wird von Mustafa Do\u011fan Dikmen geleitet.<\/p><p><strong>Kunstsammlung<br \/><\/strong>In unseren R\u00e4umlichkeiten befindet sich eine Sammlung an originalen und erstklassigen Kalligraphie-, Ornamentik- und Ebru-Kunstwerken, die aufwendig und m\u00fchevoll nach traditioneller Art erstellt worden sind. Als Zeichen der Authentizit\u00e4t sind unsere ausgestellten Werke von den renommiertesten K\u00fcnstlern ihrer Zunft signiert worden. Die Kunstwerke lassen den Betrachter sp\u00fcren, wie wichtig die Beziehung zwischen Auge und Herz ist. Unsere ausgestellten Kunstwerke sind deutschlandweit die einzige offene t\u00fcrkisch-islamische Kunstausstellung. Wir streben an unsere Kollektion mit weiteren Werken zu vergr\u00f6\u00dfern.<\/p>\t\t\t\t\t\t\t\t<\/div>\n\t\t\t\t<\/div>\n\t\t\t\t\t<\/div>\n\t\t<\/div>\n\t\t\t\t\t<\/div>\n\t\t<\/section>\n\t\t\t\t<section class=\"elementor-section elementor-top-section elementor-element elementor-element-61cee7f elementor-section-height-min-height elementor-section-boxed elementor-section-height-default elementor-section-items-middle\" data-id=\"61cee7f\" data-element_type=\"section\" data-e-type=\"section\" data-settings=\"{&quot;background_background&quot;:&quot;classic&quot;}\">\n\t\t\t\t\t\t\t<div class=\"elementor-background-overlay\"><\/div>\n\t\t\t\t\t\t\t<div class=\"elementor-container elementor-column-gap-default\">\n\t\t\t\t\t<div class=\"elementor-column elementor-col-100 elementor-top-column elementor-element elementor-element-dff8a99\" data-id=\"dff8a99\" data-element_type=\"column\" data-e-type=\"column\">\n\t\t\t<div class=\"elementor-widget-wrap elementor-element-populated\">\n\t\t\t\t\t\t<div class=\"elementor-element elementor-element-3fa6fc1 elementor-widget elementor-widget-heading\" data-id=\"3fa6fc1\" data-element_type=\"widget\" data-e-type=\"widget\" data-widget_type=\"heading.default\">\n\t\t\t\t<div class=\"elementor-widget-container\">\n\t\t\t\t\t<h2 class=\"elementor-heading-title elementor-size-default\">Hauseigene Kunstsammlung\n<\/h2>\t\t\t\t<\/div>\n\t\t\t\t<\/div>\n\t\t\t\t\t<\/div>\n\t\t<\/div>\n\t\t\t\t\t<\/div>\n\t\t<\/section>\n\t\t\t\t<section class=\"elementor-section elementor-top-section elementor-element elementor-element-b979a44 elementor-section-boxed elementor-section-height-default elementor-section-height-default\" data-id=\"b979a44\" data-element_type=\"section\" data-e-type=\"section\">\n\t\t\t\t\t\t<div class=\"elementor-container elementor-column-gap-default\">\n\t\t\t\t\t<div class=\"elementor-column elementor-col-100 elementor-top-column elementor-element elementor-element-530dc45\" data-id=\"530dc45\" data-element_type=\"column\" data-e-type=\"column\">\n\t\t\t<div class=\"elementor-widget-wrap elementor-element-populated\">\n\t\t\t\t\t\t<div class=\"elementor-element elementor-element-c28c2c5 elementor-widget elementor-widget-text-editor\" data-id=\"c28c2c5\" data-element_type=\"widget\" data-e-type=\"widget\" data-widget_type=\"text-editor.default\">\n\t\t\t\t<div class=\"elementor-widget-container\">\n\t\t\t\t\t\t\t\t\t<p>Das KUDEM verf\u00fcgt \u00fcber eine eigene Sammlung mit ca. 30 Werken ornamentierter arabischer Kalligraphie (<em>Hat<\/em> und <em>Teship<\/em>) und Ebru. Darunter St\u00fccke von K\u00fcnstlern wie Fuat Ba\u015far, Mithat Topa\u00e7 oder Ahmet Zeki Yava\u015f. Die Sammlung wurde zwei mal f\u00fcr ausgew\u00e4hlte Ausstellungen verliehen und schm\u00fcckt derzeit die R\u00e4umlichkeiten des KUDEM.<\/p>\t\t\t\t\t\t\t\t<\/div>\n\t\t\t\t<\/div>\n\t\t\t\t<div class=\"elementor-element elementor-element-42e8aea elementor-widget elementor-widget-image\" data-id=\"42e8aea\" data-element_type=\"widget\" data-e-type=\"widget\" data-widget_type=\"image.default\">\n\t\t\t\t<div class=\"elementor-widget-container\">\n\t\t\t\t\t\t\t\t\t\t\t\t<figure class=\"wp-caption\">\n\t\t\t\t\t\t\t\t\t\t<img fetchpriority=\"high\" decoding=\"async\" width=\"800\" height=\"450\" src=\"https:\/\/www.kudem.com\/wp-content\/uploads\/2020\/01\/KUDEM-Verleih-eigener-Kunstsammlung-1024x576.jpeg\" class=\"attachment-large size-large wp-image-3575\" alt=\"\" srcset=\"https:\/\/www.kudem.com\/wp-content\/uploads\/2020\/01\/KUDEM-Verleih-eigener-Kunstsammlung-1024x576.jpeg 1024w, https:\/\/www.kudem.com\/wp-content\/uploads\/2020\/01\/KUDEM-Verleih-eigener-Kunstsammlung-300x169.jpeg 300w, https:\/\/www.kudem.com\/wp-content\/uploads\/2020\/01\/KUDEM-Verleih-eigener-Kunstsammlung-150x84.jpeg 150w, https:\/\/www.kudem.com\/wp-content\/uploads\/2020\/01\/KUDEM-Verleih-eigener-Kunstsammlung-768x432.jpeg 768w, https:\/\/www.kudem.com\/wp-content\/uploads\/2020\/01\/KUDEM-Verleih-eigener-Kunstsammlung.jpeg 1152w\" sizes=\"(max-width: 800px) 100vw, 800px\" \/>\t\t\t\t\t\t\t\t\t\t\t<figcaption class=\"widget-image-caption wp-caption-text\">KUDEM - Kunstausstellung<\/figcaption>\n\t\t\t\t\t\t\t\t\t\t<\/figure>\n\t\t\t\t\t\t\t\t\t<\/div>\n\t\t\t\t<\/div>\n\t\t\t\t\t<\/div>\n\t\t<\/div>\n\t\t\t\t\t<\/div>\n\t\t<\/section>\n\t\t\t\t<\/div>\n\t\t","protected":false},"excerpt":{"rendered":"<p>Die Klassische Islamische Kunst Unsere Aktivit\u00e4ten Der Mensch steht im Zentrum unserer Arbeit. Das Stillen der Bed\u00fcrfnisse des Menschen nach geistiger, intellektueller und spiritueller Verwirklichung sind f\u00fcr uns grundlegende Prinzipien, nach denen wir unsere Arbeit ausrichten. \u00dcber die Kunst und Kultur soll die gesellschaftliche Teilhabe gef\u00f6rdert werden. Kunst und Kultur Unsere Inspiration ziehen wir aus [&hellip;]<\/p>\n","protected":false},"author":2,"featured_media":4009,"parent":0,"menu_order":0,"comment_status":"closed","ping_status":"closed","template":"elementor_header_footer","meta":{"footnotes":""},"class_list":["post-900","page","type-page","status-publish","has-post-thumbnail","hentry"],"_links":{"self":[{"href":"https:\/\/www.kudem.com\/de\/wp-json\/wp\/v2\/pages\/900","targetHints":{"allow":["GET"]}}],"collection":[{"href":"https:\/\/www.kudem.com\/de\/wp-json\/wp\/v2\/pages"}],"about":[{"href":"https:\/\/www.kudem.com\/de\/wp-json\/wp\/v2\/types\/page"}],"author":[{"embeddable":true,"href":"https:\/\/www.kudem.com\/de\/wp-json\/wp\/v2\/users\/2"}],"replies":[{"embeddable":true,"href":"https:\/\/www.kudem.com\/de\/wp-json\/wp\/v2\/comments?post=900"}],"version-history":[{"count":0,"href":"https:\/\/www.kudem.com\/de\/wp-json\/wp\/v2\/pages\/900\/revisions"}],"wp:featuredmedia":[{"embeddable":true,"href":"https:\/\/www.kudem.com\/de\/wp-json\/wp\/v2\/media\/4009"}],"wp:attachment":[{"href":"https:\/\/www.kudem.com\/de\/wp-json\/wp\/v2\/media?parent=900"}],"curies":[{"name":"wp","href":"https:\/\/api.w.org\/{rel}","templated":true}]}}

<div data-elementor-type="wp-page" data-elementor-id="900" class="elementor elementor-900" data-elementor-post-type="page">
						<section class="elementor-section elementor-top-section elementor-element elementor-element-4adda742 elementor-section-height-min-height elementor-section-boxed elementor-section-height-default elementor-section-items-middle" data-id="4adda742" data-element_type="section" data-e-type="section" data-settings="{&quot;background_background&quot;:&quot;classic&quot;}">
							<div class="elementor-background-overlay"></div>
							<div class="elementor-container elementor-column-gap-narrow">
					<div class="elementor-column elementor-col-100 elementor-top-column elementor-element elementor-element-7448a9f9" data-id="7448a9f9" data-element_type="column" data-e-type="column">
			<div class="elementor-widget-wrap elementor-element-populated">
						<div class="elementor-element elementor-element-7d93fdc5 elementor-widget elementor-widget-heading" data-id="7d93fdc5" data-element_type="widget" data-e-type="widget" data-widget_type="heading.default">
				<div class="elementor-widget-container">
					<h1 class="elementor-heading-title elementor-size-default">Die Klassische Islamische Kunst</h1>				</div>
				</div>
					</div>
		</div>
					</div>
		</section>
				<section class="elementor-section elementor-top-section elementor-element elementor-element-64bc12a3 elementor-section-boxed elementor-section-height-default elementor-section-height-default" data-id="64bc12a3" data-element_type="section" data-e-type="section">
						<div class="elementor-container elementor-column-gap-default">
					<div class="elementor-column elementor-col-100 elementor-top-column elementor-element elementor-element-5f6b8807" data-id="5f6b8807" data-element_type="column" data-e-type="column">
			<div class="elementor-widget-wrap elementor-element-populated">
						<div class="elementor-element elementor-element-21f10318 elementor-widget elementor-widget-text-editor" data-id="21f10318" data-element_type="widget" data-e-type="widget" data-widget_type="text-editor.default">
				<div class="elementor-widget-container">
									<p><b>Unsere Aktivitäten<br /></b>Der Mensch steht im Zentrum unserer Arbeit. Das Stillen der Bedürfnisse des Menschen nach geistiger, intellektueller und spiritueller Verwirklichung sind für uns grundlegende Prinzipien, nach denen wir unsere Arbeit ausrichten. Über die Kunst und Kultur soll die gesellschaftliche Teilhabe gefördert werden.</p>								</div>
				</div>
				<div class="elementor-element elementor-element-da05318 elementor-widget elementor-widget-text-editor" data-id="da05318" data-element_type="widget" data-e-type="widget" data-widget_type="text-editor.default">
				<div class="elementor-widget-container">
									<p><strong>Kunst und Kultur<br /></strong>Unsere Inspiration ziehen wir aus dem traditionsreichen und beispiellosen Erbe des Islams und des Ostens, welche als Wiege der Zivilisation wertvolle Schätze hinterlassen hat. Für uns ist daher die Weitergabe dieser Tradition und Praxis an die nachfolgenden Generationen von großer Bedeutung.</p><p>Bei der Konzeption und Durchführung unserer Angebote setzen wir die höchsten Maßstäbe an. Unsere Kunstlehrer sind erfahrene Vertreter einer traditionellen Schule, die über Jahrhunderte hinweg die Techniken und Gestaltungen verfeinert haben. Der Besucher kann diese Feinheiten beim Durchgehen der Räumlichkeiten des KUDEM und des IFIS&amp;IZ erleben, in denen feinste Kunstwerke aus der hauseigenen Kollektion der islamisch – klassischen Kalligraphie, Ornamentik und Marmorier Kunst ausgestellt sind.</p><p><strong>Momentan werden die folgenden Kurse fortgeführt:</strong></p><ul><li>Arabische Kalligraphie und Kunst des Marmorierens (türk. Ebru)</li><li>Ausbildung in einem Instrument der klassisch-türkischen Sufi-Musik<br />(momentan nur Ney)</li><li>KUDEM Chor – Gesangsausbildung in der klassischen türkischen Sufi &#8211; Musik</li></ul><p>Unsere Gemeinschaft, die seit 2011 im Rahmen des KUDEM Chors verschiedene Gesangstechniken und die Feinheiten der Sufi-Musik einübt, wird von Mustafa Doğan Dikmen geleitet.</p><p><strong>Kunstsammlung<br /></strong>In unseren Räumlichkeiten befindet sich eine Sammlung an originalen und erstklassigen Kalligraphie-, Ornamentik- und Ebru-Kunstwerken, die aufwendig und mühevoll nach traditioneller Art erstellt worden sind. Als Zeichen der Authentizität sind unsere ausgestellten Werke von den renommiertesten Künstlern ihrer Zunft signiert worden. Die Kunstwerke lassen den Betrachter spüren, wie wichtig die Beziehung zwischen Auge und Herz ist. Unsere ausgestellten Kunstwerke sind deutschlandweit die einzige offene türkisch-islamische Kunstausstellung. Wir streben an unsere Kollektion mit weiteren Werken zu vergrößern.</p>								</div>
				</div>
					</div>
		</div>
					</div>
		</section>
				<section class="elementor-section elementor-top-section elementor-element elementor-element-61cee7f elementor-section-height-min-height elementor-section-boxed elementor-section-height-default elementor-section-items-middle" data-id="61cee7f" data-element_type="section" data-e-type="section" data-settings="{&quot;background_background&quot;:&quot;classic&quot;}">
							<div class="elementor-background-overlay"></div>
							<div class="elementor-container elementor-column-gap-default">
					<div class="elementor-column elementor-col-100 elementor-top-column elementor-element elementor-element-dff8a99" data-id="dff8a99" data-element_type="column" data-e-type="column">
			<div class="elementor-widget-wrap elementor-element-populated">
						<div class="elementor-element elementor-element-3fa6fc1 elementor-widget elementor-widget-heading" data-id="3fa6fc1" data-element_type="widget" data-e-type="widget" data-widget_type="heading.default">
				<div class="elementor-widget-container">
					<h2 class="elementor-heading-title elementor-size-default">Hauseigene Kunstsammlung
</h2>				</div>
				</div>
					</div>
		</div>
					</div>
		</section>
				<section class="elementor-section elementor-top-section elementor-element elementor-element-b979a44 elementor-section-boxed elementor-section-height-default elementor-section-height-default" data-id="b979a44" data-element_type="section" data-e-type="section">
						<div class="elementor-container elementor-column-gap-default">
					<div class="elementor-column elementor-col-100 elementor-top-column elementor-element elementor-element-530dc45" data-id="530dc45" data-element_type="column" data-e-type="column">
			<div class="elementor-widget-wrap elementor-element-populated">
						<div class="elementor-element elementor-element-c28c2c5 elementor-widget elementor-widget-text-editor" data-id="c28c2c5" data-element_type="widget" data-e-type="widget" data-widget_type="text-editor.default">
				<div class="elementor-widget-container">
									<p>Das KUDEM verfügt über eine eigene Sammlung mit ca. 30 Werken ornamentierter arabischer Kalligraphie (<em>Hat</em> und <em>Teship</em>) und Ebru. Darunter Stücke von Künstlern wie Fuat Başar, Mithat Topaç oder Ahmet Zeki Yavaş. Die Sammlung wurde zwei mal für ausgewählte Ausstellungen verliehen und schmückt derzeit die Räumlichkeiten des KUDEM.</p>								</div>
				</div>
				<div class="elementor-element elementor-element-42e8aea elementor-widget elementor-widget-image" data-id="42e8aea" data-element_type="widget" data-e-type="widget" data-widget_type="image.default">
				<div class="elementor-widget-container">
												<figure class="wp-caption">
										<img fetchpriority="high" decoding="async" width="800" height="450" src="https://www.kudem.com/wp-content/uploads/2020/01/KUDEM-Verleih-eigener-Kunstsammlung-1024x576.jpeg" class="attachment-large size-large wp-image-3575" alt="" srcset="https://www.kudem.com/wp-content/uploads/2020/01/KUDEM-Verleih-eigener-Kunstsammlung-1024x576.jpeg 1024w, https://www.kudem.com/wp-content/uploads/2020/01/KUDEM-Verleih-eigener-Kunstsammlung-300x169.jpeg 300w, https://www.kudem.com/wp-content/uploads/2020/01/KUDEM-Verleih-eigener-Kunstsammlung-150x84.jpeg 150w, https://www.kudem.com/wp-content/uploads/2020/01/KUDEM-Verleih-eigener-Kunstsammlung-768x432.jpeg 768w, https://www.kudem.com/wp-content/uploads/2020/01/KUDEM-Verleih-eigener-Kunstsammlung.jpeg 1152w" sizes="(max-width: 800px) 100vw, 800px" />											<figcaption class="widget-image-caption wp-caption-text">KUDEM - Kunstausstellung</figcaption>
										</figure>
									</div>
				</div>
					</div>
		</div>
					</div>
		</section>
				</div>

<p>Die Klassische Islamische Kunst Unsere Aktivitäten Der Mensch steht im Zentrum unserer Arbeit. Das Stillen der Bedürfnisse des Menschen nach geistiger, intellektueller und spiritueller Verwirklichung sind für uns grundlegende Prinzipien, nach denen wir unsere Arbeit ausrichten. Über die Kunst und Kultur soll die gesellschaftliche Teilhabe gefördert werden. Kunst und Kultur Unsere Inspiration ziehen wir aus [&hellip;]</p>
