{"id":4606,"date":"2018-08-26T20:16:12","date_gmt":"2018-08-26T18:16:12","guid":{"rendered":"https:\/\/kudem.apps-1and1.net\/kudem-sanat"},"modified":"2022-06-08T22:55:16","modified_gmt":"2022-06-08T20:55:16","slug":"kudem-sanat","status":"publish","type":"page","link":"https:\/\/www.kudem.com\/tr\/kudem-sanat","title":{"rendered":"KUDEM Sanat"},"content":{"rendered":"\t\t<div data-elementor-type=\"wp-page\" data-elementor-id=\"4606\" class=\"elementor elementor-4606 elementor-900\" data-elementor-post-type=\"page\">\n\t\t\t\t\t\t<section class=\"elementor-section elementor-top-section elementor-element elementor-element-4adda742 elementor-section-height-min-height elementor-section-boxed elementor-section-height-default elementor-section-items-middle\" data-id=\"4adda742\" data-element_type=\"section\" data-e-type=\"section\" data-settings=\"{&quot;background_background&quot;:&quot;classic&quot;}\">\n\t\t\t\t\t\t\t<div class=\"elementor-background-overlay\"><\/div>\n\t\t\t\t\t\t\t<div class=\"elementor-container elementor-column-gap-narrow\">\n\t\t\t\t\t<div class=\"elementor-column elementor-col-100 elementor-top-column elementor-element elementor-element-7448a9f9\" data-id=\"7448a9f9\" data-element_type=\"column\" data-e-type=\"column\">\n\t\t\t<div class=\"elementor-widget-wrap elementor-element-populated\">\n\t\t\t\t\t\t<div class=\"elementor-element elementor-element-7d93fdc5 elementor-widget elementor-widget-heading\" data-id=\"7d93fdc5\" data-element_type=\"widget\" data-e-type=\"widget\" data-widget_type=\"heading.default\">\n\t\t\t\t<div class=\"elementor-widget-container\">\n\t\t\t\t\t<h1 class=\"elementor-heading-title elementor-size-default\">Sanat ve K\u00fclt\u00fcr<\/h1>\t\t\t\t<\/div>\n\t\t\t\t<\/div>\n\t\t\t\t\t<\/div>\n\t\t<\/div>\n\t\t\t\t\t<\/div>\n\t\t<\/section>\n\t\t\t\t<section class=\"elementor-section elementor-top-section elementor-element elementor-element-64bc12a3 elementor-section-boxed elementor-section-height-default elementor-section-height-default\" data-id=\"64bc12a3\" data-element_type=\"section\" data-e-type=\"section\">\n\t\t\t\t\t\t<div class=\"elementor-container elementor-column-gap-default\">\n\t\t\t\t\t<div class=\"elementor-column elementor-col-100 elementor-top-column elementor-element elementor-element-5f6b8807\" data-id=\"5f6b8807\" data-element_type=\"column\" data-e-type=\"column\">\n\t\t\t<div class=\"elementor-widget-wrap elementor-element-populated\">\n\t\t\t\t\t\t<div class=\"elementor-element elementor-element-21f10318 elementor-widget elementor-widget-text-editor\" data-id=\"21f10318\" data-element_type=\"widget\" data-e-type=\"widget\" data-widget_type=\"text-editor.default\">\n\t\t\t\t<div class=\"elementor-widget-container\">\n\t\t\t\t\t\t\t\t\t<p>\u00c7al\u015fmalar\u0131m\u0131z\u0131n merkezini insan unsuru te\u015fkil etmektedir. Her insan\u0131n \u015fahs\u0131na \u00f6zg\u00fc manev<span lang=\"TR\" style=\"font-size:11.0pt;line-height:\n107%;font-family:&quot;Calibri&quot;,sans-serif;mso-ascii-theme-font:minor-latin;\nmso-fareast-font-family:Calibri;mso-fareast-theme-font:minor-latin;mso-hansi-theme-font:\nminor-latin;mso-bidi-font-family:Arial;mso-bidi-theme-font:minor-bidi;\nmso-ansi-language:TR;mso-fareast-language:EN-US;mso-bidi-language:AR-SA\">\u00ee<\/span>&nbsp;ihtiya\u00e7lar\u0131, entellekt\u00fcel geli\u015fimi, k\u00fclt\u00fcr ve sanata olan ihtiyac\u0131 ve tabii ki toplumdaki yeri ve topluma kat\u0131l\u0131m pay\u0131, etkinliklerimizi ger\u00e7ekle\u015ftirirken g\u00f6z \u00f6n\u00fcnde bulundurdu\u011fumuz temel esaslard\u0131r.<\/p>\n<p>K\u00fclt\u00fcr-sanat faaliyetlerimiz ilham\u0131n\u0131, \u0130sl\u00e2m\u2019\u0131n ve Do\u011fu\u2019nun kadim ve e\u015fsiz tarih\u00ee birikimi ve medeniyetinin k\u00f6klerine dayanan k\u0131ymetli hazinelerinden almaktad\u0131r. Bu meyanda klasik T\u00fcrk-\u0130sl\u00e2m sanatlar\u0131n\u0131n icra edilerek s\u00fcrd\u00fcr\u00fclmesi ve gelecek ku\u015faklara aktar\u0131lmas\u0131 \u00e7ok b\u00fcy\u00fck \u00f6nem arz etmektedir.<\/p>\t\t\t\t\t\t\t\t<\/div>\n\t\t\t\t<\/div>\n\t\t\t\t<div class=\"elementor-element elementor-element-da05318 elementor-widget elementor-widget-text-editor\" data-id=\"da05318\" data-element_type=\"widget\" data-e-type=\"widget\" data-widget_type=\"text-editor.default\">\n\t\t\t\t<div class=\"elementor-widget-container\">\n\t\t\t\t\t\t\t\t\t<p>KUDEM b\u00fcnyesinde a\u00e7m\u0131\u015f oldu\u011fu kurslarla tarihimizin \u00fczerimize b\u0131rakt\u0131\u011f\u0131 bu ulv\u00ee k\u00fclt\u00fcr-sanat miras\u0131m\u0131z\u0131 gelecek ku\u015faklara aktarma gayretindedir. Kurslar\u0131n seviyeli olmas\u0131na azam\u00ee gayret g\u00f6sterilmekte ve bu hususta Osmanl\u0131 klasik sanat gelene\u011fimizin getirdi\u011fi sanat kriterleri esas al\u0131nmaktad\u0131r. Kurslardaki hocalar\u0131m\u0131z, tecr\u00fcbeli ve bu gelene\u011fe ba\u011fl\u0131 \u00fcstadlard\u0131r. KUDEM\u2019in sanata ve sanat\u0131n gelecek nesillere gerekti\u011fi gibi aktar\u0131lmas\u0131na verdi\u011fi \u00f6nem, \u0130stanbul\u2019dan getirilen ve KUDEM binam\u0131z\u0131n duvarlar\u0131nda as\u0131l\u0131 olan birbirinden de\u011ferli eserler taraf\u0131ndan, ziyaret eden misafirlerimizin kulaklar\u0131na \u00e2deta f\u0131s\u0131ldanmakta, g\u00f6zlere ise sadece bu duruma \u015fahitlik etmek d\u00fc\u015fmektedir. \u0130\u00e7erisinde \u00e7al\u0131\u015ft\u0131\u011f\u0131m\u0131z KUDEM ve \u0130F\u0130S&amp;\u0130Z binam\u0131z\u0131 birbirinden g\u00fczel zengin T\u00fcrk-\u0130sl\u00e2m sanat eserleri koleksiyonlar\u0131yla \u00e2deta \u0130sl\u00e2m sanatlar\u0131 m\u00fczesi h\u00e2line d\u00f6n\u00fc\u015ft\u00fcrerek, \u00f6zelde insan\u0131m\u0131za, genelde ise insanl\u0131\u011fa T\u00fcrk-\u0130sl\u00e2m sanat tarihinin sayfalar\u0131 aras\u0131nda dola\u015fma imk\u00e2n\u0131n\u0131 sunma gayreti i\u00e7erisinde olaca\u011f\u0131z.<\/p>\n\t\t\t\t\t\t\t\t<\/div>\n\t\t\t\t<\/div>\n\t\t\t\t\t<\/div>\n\t\t<\/div>\n\t\t\t\t\t<\/div>\n\t\t<\/section>\n\t\t\t\t<section class=\"elementor-section elementor-top-section elementor-element elementor-element-61cee7f elementor-section-height-min-height elementor-section-boxed elementor-section-height-default elementor-section-items-middle\" data-id=\"61cee7f\" data-element_type=\"section\" data-e-type=\"section\" data-settings=\"{&quot;background_background&quot;:&quot;classic&quot;}\">\n\t\t\t\t\t\t\t<div class=\"elementor-background-overlay\"><\/div>\n\t\t\t\t\t\t\t<div class=\"elementor-container elementor-column-gap-default\">\n\t\t\t\t\t<div class=\"elementor-column elementor-col-100 elementor-top-column elementor-element elementor-element-dff8a99\" data-id=\"dff8a99\" data-element_type=\"column\" data-e-type=\"column\">\n\t\t\t<div class=\"elementor-widget-wrap elementor-element-populated\">\n\t\t\t\t\t\t<div class=\"elementor-element elementor-element-3fa6fc1 elementor-widget elementor-widget-heading\" data-id=\"3fa6fc1\" data-element_type=\"widget\" data-e-type=\"widget\" data-widget_type=\"heading.default\">\n\t\t\t\t<div class=\"elementor-widget-container\">\n\t\t\t\t\t<h2 class=\"elementor-heading-title elementor-size-default\">Klasik T\u00fcrk Sanatlar\u0131 <\/h2>\t\t\t\t<\/div>\n\t\t\t\t<\/div>\n\t\t\t\t\t<\/div>\n\t\t<\/div>\n\t\t\t\t\t<\/div>\n\t\t<\/section>\n\t\t\t\t<section class=\"elementor-section elementor-top-section elementor-element elementor-element-b979a44 elementor-section-boxed elementor-section-height-default elementor-section-height-default\" data-id=\"b979a44\" data-element_type=\"section\" data-e-type=\"section\">\n\t\t\t\t\t\t<div class=\"elementor-container elementor-column-gap-default\">\n\t\t\t\t\t<div class=\"elementor-column elementor-col-100 elementor-top-column elementor-element elementor-element-530dc45\" data-id=\"530dc45\" data-element_type=\"column\" data-e-type=\"column\">\n\t\t\t<div class=\"elementor-widget-wrap elementor-element-populated\">\n\t\t\t\t\t\t<div class=\"elementor-element elementor-element-c28c2c5 elementor-widget elementor-widget-text-editor\" data-id=\"c28c2c5\" data-element_type=\"widget\" data-e-type=\"widget\" data-widget_type=\"text-editor.default\">\n\t\t\t\t<div class=\"elementor-widget-container\">\n\t\t\t\t\t\t\t\t\t<p>KUDEM b\u00fcnyesinde bulundurdu\u011fu, me\u015fhur sanatk\u00e2rlar\u0131m\u0131z\u0131n imzalar\u0131n\u0131 ta\u015f\u0131yan, g\u00f6z ile g\u00f6n\u00fcl aras\u0131ndaki ba\u011f\u0131n ne derece \u00f6nemli ve vazge\u00e7ilmez oldu\u011funu her dem hissettiren hat ve ebru eserlerinden olu\u015fan koleksiyonuyla, \u015fu an Almanya\u2019n\u0131n tek a\u00e7\u0131k T\u00fcrk-\u0130sl\u00e2m Sanatlar\u0131 Sergisi konumundad\u0131r. Bu alana y\u00f6nelik envanterimizi her ge\u00e7en g\u00fcn daha da geli\u015ftirme azmi ve kararl\u0131l\u0131\u011f\u0131 i\u00e7erisindeyiz.<\/p>\n\t\t\t\t\t\t\t\t<\/div>\n\t\t\t\t<\/div>\n\t\t\t\t<div class=\"elementor-element elementor-element-42e8aea elementor-widget elementor-widget-image\" data-id=\"42e8aea\" data-element_type=\"widget\" data-e-type=\"widget\" data-widget_type=\"image.default\">\n\t\t\t\t<div class=\"elementor-widget-container\">\n\t\t\t\t\t\t\t\t\t\t\t\t<figure class=\"wp-caption\">\n\t\t\t\t\t\t\t\t\t\t<img fetchpriority=\"high\" decoding=\"async\" width=\"800\" height=\"450\" src=\"https:\/\/www.kudem.com\/wp-content\/uploads\/2020\/01\/KUDEM-Verleih-eigener-Kunstsammlung-1024x576.jpeg\" class=\"attachment-large size-large wp-image-3577\" alt=\"\" srcset=\"https:\/\/www.kudem.com\/wp-content\/uploads\/2020\/01\/KUDEM-Verleih-eigener-Kunstsammlung-1024x576.jpeg 1024w, https:\/\/www.kudem.com\/wp-content\/uploads\/2020\/01\/KUDEM-Verleih-eigener-Kunstsammlung-300x169.jpeg 300w, https:\/\/www.kudem.com\/wp-content\/uploads\/2020\/01\/KUDEM-Verleih-eigener-Kunstsammlung-150x84.jpeg 150w, https:\/\/www.kudem.com\/wp-content\/uploads\/2020\/01\/KUDEM-Verleih-eigener-Kunstsammlung-768x432.jpeg 768w, https:\/\/www.kudem.com\/wp-content\/uploads\/2020\/01\/KUDEM-Verleih-eigener-Kunstsammlung.jpeg 1152w\" sizes=\"(max-width: 800px) 100vw, 800px\" \/>\t\t\t\t\t\t\t\t\t\t\t<figcaption class=\"widget-image-caption wp-caption-text\"><\/figcaption>\n\t\t\t\t\t\t\t\t\t\t<\/figure>\n\t\t\t\t\t\t\t\t\t<\/div>\n\t\t\t\t<\/div>\n\t\t\t\t\t<\/div>\n\t\t<\/div>\n\t\t\t\t\t<\/div>\n\t\t<\/section>\n\t\t\t\t<\/div>\n\t\t","protected":false},"excerpt":{"rendered":"<p>Sanat ve K\u00fclt\u00fcr \u00c7al\u015fmalar\u0131m\u0131z\u0131n merkezini insan unsuru te\u015fkil etmektedir. Her insan\u0131n \u015fahs\u0131na \u00f6zg\u00fc manev\u00ee&nbsp;ihtiya\u00e7lar\u0131, entellekt\u00fcel geli\u015fimi, k\u00fclt\u00fcr ve sanata olan ihtiyac\u0131 ve tabii ki toplumdaki yeri ve topluma kat\u0131l\u0131m pay\u0131, etkinliklerimizi ger\u00e7ekle\u015ftirirken g\u00f6z \u00f6n\u00fcnde bulundurdu\u011fumuz temel esaslard\u0131r. K\u00fclt\u00fcr-sanat faaliyetlerimiz ilham\u0131n\u0131, \u0130sl\u00e2m\u2019\u0131n ve Do\u011fu\u2019nun kadim ve e\u015fsiz tarih\u00ee birikimi ve medeniyetinin k\u00f6klerine dayanan k\u0131ymetli hazinelerinden almaktad\u0131r. [&hellip;]<\/p>\n","protected":false},"author":2,"featured_media":4007,"parent":0,"menu_order":0,"comment_status":"closed","ping_status":"closed","template":"elementor_header_footer","meta":{"footnotes":""},"class_list":["post-4606","page","type-page","status-publish","has-post-thumbnail","hentry"],"_links":{"self":[{"href":"https:\/\/www.kudem.com\/tr\/wp-json\/wp\/v2\/pages\/4606","targetHints":{"allow":["GET"]}}],"collection":[{"href":"https:\/\/www.kudem.com\/tr\/wp-json\/wp\/v2\/pages"}],"about":[{"href":"https:\/\/www.kudem.com\/tr\/wp-json\/wp\/v2\/types\/page"}],"author":[{"embeddable":true,"href":"https:\/\/www.kudem.com\/tr\/wp-json\/wp\/v2\/users\/2"}],"replies":[{"embeddable":true,"href":"https:\/\/www.kudem.com\/tr\/wp-json\/wp\/v2\/comments?post=4606"}],"version-history":[{"count":0,"href":"https:\/\/www.kudem.com\/tr\/wp-json\/wp\/v2\/pages\/4606\/revisions"}],"wp:featuredmedia":[{"embeddable":true,"href":"https:\/\/www.kudem.com\/tr\/wp-json\/wp\/v2\/media\/4007"}],"wp:attachment":[{"href":"https:\/\/www.kudem.com\/tr\/wp-json\/wp\/v2\/media?parent=4606"}],"curies":[{"name":"wp","href":"https:\/\/api.w.org\/{rel}","templated":true}]}}

<div data-elementor-type="wp-page" data-elementor-id="4606" class="elementor elementor-4606 elementor-900" data-elementor-post-type="page">
						<section class="elementor-section elementor-top-section elementor-element elementor-element-4adda742 elementor-section-height-min-height elementor-section-boxed elementor-section-height-default elementor-section-items-middle" data-id="4adda742" data-element_type="section" data-e-type="section" data-settings="{&quot;background_background&quot;:&quot;classic&quot;}">
							<div class="elementor-background-overlay"></div>
							<div class="elementor-container elementor-column-gap-narrow">
					<div class="elementor-column elementor-col-100 elementor-top-column elementor-element elementor-element-7448a9f9" data-id="7448a9f9" data-element_type="column" data-e-type="column">
			<div class="elementor-widget-wrap elementor-element-populated">
						<div class="elementor-element elementor-element-7d93fdc5 elementor-widget elementor-widget-heading" data-id="7d93fdc5" data-element_type="widget" data-e-type="widget" data-widget_type="heading.default">
				<div class="elementor-widget-container">
					<h1 class="elementor-heading-title elementor-size-default">Sanat ve Kültür</h1>				</div>
				</div>
					</div>
		</div>
					</div>
		</section>
				<section class="elementor-section elementor-top-section elementor-element elementor-element-64bc12a3 elementor-section-boxed elementor-section-height-default elementor-section-height-default" data-id="64bc12a3" data-element_type="section" data-e-type="section">
						<div class="elementor-container elementor-column-gap-default">
					<div class="elementor-column elementor-col-100 elementor-top-column elementor-element elementor-element-5f6b8807" data-id="5f6b8807" data-element_type="column" data-e-type="column">
			<div class="elementor-widget-wrap elementor-element-populated">
						<div class="elementor-element elementor-element-21f10318 elementor-widget elementor-widget-text-editor" data-id="21f10318" data-element_type="widget" data-e-type="widget" data-widget_type="text-editor.default">
				<div class="elementor-widget-container">
									<p>Çalşmalarımızın merkezini insan unsuru teşkil etmektedir. Her insanın şahsına özgü manev<span lang="TR" style="font-size:11.0pt;line-height:
107%;font-family:&quot;Calibri&quot;,sans-serif;mso-ascii-theme-font:minor-latin;
mso-fareast-font-family:Calibri;mso-fareast-theme-font:minor-latin;mso-hansi-theme-font:
minor-latin;mso-bidi-font-family:Arial;mso-bidi-theme-font:minor-bidi;
mso-ansi-language:TR;mso-fareast-language:EN-US;mso-bidi-language:AR-SA">î</span>&nbsp;ihtiyaçları, entellektüel gelişimi, kültür ve sanata olan ihtiyacı ve tabii ki toplumdaki yeri ve topluma katılım payı, etkinliklerimizi gerçekleştirirken göz önünde bulundurduğumuz temel esaslardır.</p>
<p>Kültür-sanat faaliyetlerimiz ilhamını, İslâm’ın ve Doğu’nun kadim ve eşsiz tarihî birikimi ve medeniyetinin köklerine dayanan kıymetli hazinelerinden almaktadır. Bu meyanda klasik Türk-İslâm sanatlarının icra edilerek sürdürülmesi ve gelecek kuşaklara aktarılması çok büyük önem arz etmektedir.</p>								</div>
				</div>
				<div class="elementor-element elementor-element-da05318 elementor-widget elementor-widget-text-editor" data-id="da05318" data-element_type="widget" data-e-type="widget" data-widget_type="text-editor.default">
				<div class="elementor-widget-container">
									<p>KUDEM bünyesinde açmış olduğu kurslarla tarihimizin üzerimize bıraktığı bu ulvî kültür-sanat mirasımızı gelecek kuşaklara aktarma gayretindedir. Kursların seviyeli olmasına azamî gayret gösterilmekte ve bu hususta Osmanlı klasik sanat geleneğimizin getirdiği sanat kriterleri esas alınmaktadır. Kurslardaki hocalarımız, tecrübeli ve bu geleneğe bağlı üstadlardır. KUDEM’in sanata ve sanatın gelecek nesillere gerektiği gibi aktarılmasına verdiği önem, İstanbul’dan getirilen ve KUDEM binamızın duvarlarında asılı olan birbirinden değerli eserler tarafından, ziyaret eden misafirlerimizin kulaklarına âdeta fısıldanmakta, gözlere ise sadece bu duruma şahitlik etmek düşmektedir. İçerisinde çalıştığımız KUDEM ve İFİS&amp;İZ binamızı birbirinden güzel zengin Türk-İslâm sanat eserleri koleksiyonlarıyla âdeta İslâm sanatları müzesi hâline dönüştürerek, özelde insanımıza, genelde ise insanlığa Türk-İslâm sanat tarihinin sayfaları arasında dolaşma imkânını sunma gayreti içerisinde olacağız.</p>
								</div>
				</div>
					</div>
		</div>
					</div>
		</section>
				<section class="elementor-section elementor-top-section elementor-element elementor-element-61cee7f elementor-section-height-min-height elementor-section-boxed elementor-section-height-default elementor-section-items-middle" data-id="61cee7f" data-element_type="section" data-e-type="section" data-settings="{&quot;background_background&quot;:&quot;classic&quot;}">
							<div class="elementor-background-overlay"></div>
							<div class="elementor-container elementor-column-gap-default">
					<div class="elementor-column elementor-col-100 elementor-top-column elementor-element elementor-element-dff8a99" data-id="dff8a99" data-element_type="column" data-e-type="column">
			<div class="elementor-widget-wrap elementor-element-populated">
						<div class="elementor-element elementor-element-3fa6fc1 elementor-widget elementor-widget-heading" data-id="3fa6fc1" data-element_type="widget" data-e-type="widget" data-widget_type="heading.default">
				<div class="elementor-widget-container">
					<h2 class="elementor-heading-title elementor-size-default">Klasik Türk Sanatları </h2>				</div>
				</div>
					</div>
		</div>
					</div>
		</section>
				<section class="elementor-section elementor-top-section elementor-element elementor-element-b979a44 elementor-section-boxed elementor-section-height-default elementor-section-height-default" data-id="b979a44" data-element_type="section" data-e-type="section">
						<div class="elementor-container elementor-column-gap-default">
					<div class="elementor-column elementor-col-100 elementor-top-column elementor-element elementor-element-530dc45" data-id="530dc45" data-element_type="column" data-e-type="column">
			<div class="elementor-widget-wrap elementor-element-populated">
						<div class="elementor-element elementor-element-c28c2c5 elementor-widget elementor-widget-text-editor" data-id="c28c2c5" data-element_type="widget" data-e-type="widget" data-widget_type="text-editor.default">
				<div class="elementor-widget-container">
									<p>KUDEM bünyesinde bulundurduğu, meşhur sanatkârlarımızın imzalarını taşıyan, göz ile gönül arasındaki bağın ne derece önemli ve vazgeçilmez olduğunu her dem hissettiren hat ve ebru eserlerinden oluşan koleksiyonuyla, şu an Almanya’nın tek açık Türk-İslâm Sanatları Sergisi konumundadır. Bu alana yönelik envanterimizi her geçen gün daha da geliştirme azmi ve kararlılığı içerisindeyiz.</p>
								</div>
				</div>
				<div class="elementor-element elementor-element-42e8aea elementor-widget elementor-widget-image" data-id="42e8aea" data-element_type="widget" data-e-type="widget" data-widget_type="image.default">
				<div class="elementor-widget-container">
												<figure class="wp-caption">
										<img fetchpriority="high" decoding="async" width="800" height="450" src="https://www.kudem.com/wp-content/uploads/2020/01/KUDEM-Verleih-eigener-Kunstsammlung-1024x576.jpeg" class="attachment-large size-large wp-image-3577" alt="" srcset="https://www.kudem.com/wp-content/uploads/2020/01/KUDEM-Verleih-eigener-Kunstsammlung-1024x576.jpeg 1024w, https://www.kudem.com/wp-content/uploads/2020/01/KUDEM-Verleih-eigener-Kunstsammlung-300x169.jpeg 300w, https://www.kudem.com/wp-content/uploads/2020/01/KUDEM-Verleih-eigener-Kunstsammlung-150x84.jpeg 150w, https://www.kudem.com/wp-content/uploads/2020/01/KUDEM-Verleih-eigener-Kunstsammlung-768x432.jpeg 768w, https://www.kudem.com/wp-content/uploads/2020/01/KUDEM-Verleih-eigener-Kunstsammlung.jpeg 1152w" sizes="(max-width: 800px) 100vw, 800px" />											<figcaption class="widget-image-caption wp-caption-text"></figcaption>
										</figure>
									</div>
				</div>
					</div>
		</div>
					</div>
		</section>
				</div>

<p>Sanat ve Kültür Çalşmalarımızın merkezini insan unsuru teşkil etmektedir. Her insanın şahsına özgü manevî&nbsp;ihtiyaçları, entellektüel gelişimi, kültür ve sanata olan ihtiyacı ve tabii ki toplumdaki yeri ve topluma katılım payı, etkinliklerimizi gerçekleştirirken göz önünde bulundurduğumuz temel esaslardır. Kültür-sanat faaliyetlerimiz ilhamını, İslâm’ın ve Doğu’nun kadim ve eşsiz tarihî birikimi ve medeniyetinin köklerine dayanan kıymetli hazinelerinden almaktadır. [&hellip;]</p>
